multiple of 1515?
False
Is 376319468 a multiple of 644?
True
Is 189002622 a multiple of 65?
False
Is 121678848 a multiple of 972?
True
Is 329086854 a multiple of 18?
True
Is 5534896 a multiple of 24?
False
Does 60 divide 607535?
False
Is 76739312 a multiple of 208?
True
Does 264 divide 23475144?
True
Is 16883552 a multiple of 112?
True
Is 18 a factor of 415742274?
True
Is 94304748 a multiple of 1824?
False
Does 21 divide 98072121?
True
Does 126 divide 814767211?
False
Is 258277669 a multiple of 20?
False
Is 48 a factor of 44481685?
False
Is 427156539 a multiple of 129?
True
Is 182658563 a multiple of 170?
False
Is 2 a factor of 43698449?
False
Is 690008550 a multiple of 1925?
True
Does 23 divide 861948?
True
Is 2901328 a multiple of 149?
True
Is 10370359 a multiple of 42?
False
Does 13 divide 32589050?
True
Is 1450796480 a multiple of 16?
True
Is 1409977799 a multiple of 162?
False
Is 1119 a factor of 286049970?
True
Does 33 divide 86639170?
False
Is 41662776 a multiple of 41?
False
Is 59499594 a multiple of 961?
False
Is 891851640 a multiple of 30?
True
Is 1125136 a multiple of 6?
False
Is 26261268 a multiple of 228?
True
Is 1357 a factor of 1641271867?
False
Is 17 a factor of 50907077?
False
Is 27957888 a multiple of 872?
False
Is 2522382079 a multiple of 11?
False
Is 602064090 a multiple of 3690?
True
Does 43 divide 349035371?
False
Does 10 divide 56998721?
False
Is 2442 a factor of 44692583?
False
Does 233 divide 305160679?
False
Does 21 divide 265845732?
False
Is 1944419164 a multiple of 2371?
True
Is 192396327 a multiple of 667?
False
Is 90 a factor of 31852274?
False
Is 7135458 a multiple of 66?
True
Is 13169432 a multiple of 184?
True
Is 1896597 a multiple of 22?
False
Is 471 a factor of 194413139?
False
Is 1205145049 a multiple of 3777?
False
Does 11 divide 105400185?
True
Does 428 divide 87588052?
False
Is 1653 a factor of 319959435?
False
Does 692 divide 26005303?
False
Does 23 divide 39101144?
False
Is 20 a factor of 2121769303?
False
Does 12570 divide 1002218670?
True
Is 5264624 a multiple of 293?
True
Does 82 divide 7198320?
False
Is 7372508 a multiple of 13?
True
Is 174 a factor of 84854754?
True
Does 35 divide 305344585?
True
Does 111 divide 37770741?
False
Is 6754846 a multiple of 1663?
False
Does 178 divide 451862612?
True
Is 338 a factor of 33120958?
True
Is 49144628 a multiple of 2152?
False
Does 690 divide 645618927?
False
Is 1725338430 a multiple of 171?
False
Does 121 divide 20375432?
True
Does 851 divide 108004665?
True
Is 1182 a factor of 100966440?
True
Is 37150128 a multiple of 375?
False
Is 27158532 a multiple of 677?
True
Does 1003 divide 125127554?
False
Does 118 divide 390311786?
True
Is 309 a factor of 26465375?
False
Does 106 divide 2922541054?
False
Is 397781130 a multiple of 7?
False
Does 189 divide 82114787?
False
Is 2031 a factor of 11320794?
True
Is 1955 a factor of 252480430?
True
Is 145583721 a multiple of 253?
False
Does 42 divide 298405716?
True
Is 2539781640 a multiple of 110?
True
Does 217 divide 58150076?
False
Is 3468652426 a multiple of 5282?
True
Is 7 a factor of 130564588?
True
Is 677 a factor of 54823116?
False
Does 360 divide 96925953?
False
Is 748 a factor of 2056190664?
True
Is 2131 a factor of 251153267?
True
Is 6 a factor of 18503766?
True
Is 332 a factor of 58262016?
True
Does 21 divide 19820661?
True
Does 13 divide 339714703?
False
Is 35 a factor of 865429436?
False
Does 299 divide 91067925?
True
Is 357 a factor of 2453640294?
True
Does 12 divide 91343016?
True
Does 279 divide 24988250?
False
Is 19450343 a multiple of 1067?
True
Is 424 a factor of 761722360?
True
Is 237927249 a multiple of 21?
True
Does 7703 divide 614160190?
True
Is 269171446 a multiple of 922?
True
Is 604635520 a multiple of 5414?
True
Is 96655125 a multiple of 21?
True
Is 307 a factor of 37612719?
True
Does 9 divide 598020858?
True
Is 225 a factor of 1217342025?
True
Is 11658847 a multiple of 108?
False
Does 876 divide 109416?
False
Is 1919505212 a multiple of 956?
False
Is 40814294 a multiple of 217?
False
Is 47 a factor of 479118?
True
Is 4 a factor of 21823950?
False
Is 13418956 a multiple of 12?
False
Is 502 a factor of 21384926?
False
Does 200 divide 499750800?
True
Does 18 divide 10492362?
True
Is 647203359 a multiple of 732?
False
Does 27 divide 4962848838?
False
Is 457161 a multiple of 2?
False
Is 36432780 a multiple of 55?
False
Is 699407640 a multiple of 20?
True
Is 307795978 a multiple of 14?
True
Is 11 a factor of 111157201?
False
Is 2 a factor of 472643?
False
Is 71 a factor of 17915772?
False
Is 3 a factor of 65944029?
True
Is 43869270 a multiple of 2195?
True
Is 81713376 a multiple of 36?
True
Is 253218220 a multiple of 67?
False
Does 111 divide 49180975?
False
Is 61 a factor of 520613898?
False
Is 80041103 a multiple of 1652?
False
Does 8 divide 1757718704?
True
Is 19 a factor of 13065996?
True
Is 281 a factor of 150298287?
False
Is 269388295 a multiple of 15?
False
Does 937 divide 4077824?
True
Does 7 divide 2214400489?
True
Is 765844859 a multiple of 689?
True
Is 3021939 a multiple of 637?
False
Is 15819587 a multiple of 29?
True
Does 908 divide 2317729928?
True
Is 2 a factor of 6793052?
True
Is 442 a factor of 1322013?
False
Does 12 divide 46619124?
True
Does 2325 divide 10815900?
True
Is 63 a factor of 13501345?
False
Does 79 divide 30206361?
True
Is 4179 a factor of 559870262?
False
Is 552516744 a multiple of 191?
False
Does 3038 divide 1329687030?
True
Does 268 divide 43994076?
True
Is 9642806 a multiple of 41?
False
Is 1053055136 a multiple of 452?
True
Is 6 a factor of 4131329?
False
Is 10 a factor of 41352924?
False
Is 1408 a factor of 1636801408?
True
Is 15 a factor of 40770585?
True
Is 8 a factor of 1686540495?
False
Is 61941641 a multiple of 114?
False
Does 28 divide 7426048?
True
Does 747 divide 38512332?
True
Does 121 divide 121978707?
False
Is 88 a factor of 54772699?
False
Does 345 divide 3726567?
False
Does 21 divide 1096076037?
True
Is 426554848 a multiple of 16?
True
Is 36 a factor of 147139089?
False
Is 13432 a factor of 2474108850?
False
Does 725 divide 36893209?
False
Does 566 divide 326026754?
True
Does 1283 divide 297845950?
False
Is 86 a factor of 18783024?
False
Is 2622480354 a multiple of 15327?
True
Is 155 a factor of 106613185?
True
Does 88 divide 3048496?
True
Is 103 a factor of 116704356?
True
Is 3 a factor of 1188519?
True
Does 54 divide 39037194?
True
Is 132137772 a multiple of 272?
False
Does 36 divide 58487429?
False
Is 166 a factor of 9297147?
False
Is 27 a factor of 954444627?
True
Is 341 a factor of 82071880?
True
Does 124 divide 65302492?
True
Does 568 divide 29683680?
True
Does 430 divide 61271560?
True
Is 147 a factor of 4685230305?
True
Does 1391 divide 100400989?
True
Is 117 a factor of 14274117?
True
Is 123777236 a multiple of 11?
True
Is 35208839 a multiple of 4309?
True
Is 167 a factor of 673947538?
True
Is 53104183 a multiple of 12?
False
Is 948 a factor of 11170284?
True
Is 42235281 a multiple of 87?
True
Does 2271 divide 53302836?
False
Is 431463189 a multiple of 541?
True
Is 343 a factor of 4281209488?
False
Is 153 a factor of 3916511136?
True
Is 77046216 a multiple of 13?
True
Does 1864 divide 511699688?
True
Does 575 divide 939775969?
False
Is 244105872 a multiple of 16?
True
Does 127 divide 63346459?
False
Is 121248036 a multiple of 85?
False
Is 266075348 a multiple of 406?
True
Does 538 divide 5987019?
False
Is 177726054 a multiple of 59?
True
Is 12 a factor of 4466662222?
False
Does 242 divide 6871723?
False
Is 166 a factor of 324059556?
True
Does 55 divide 59593930?
True
Does 10 divide 951825490?
True
Is 39176472 a multiple of 118?
True
Is 2975204 a multiple of 11?
False
Is 26 a factor of 15181868?
True
Is 3713810 a multiple of 92?
False
Is 16 a factor of 1110252021?
False
Does 21 divide 45318507?
False
Is 16823009 a multiple of 8?
False
Is 50 a factor of 24802307?
False
Is 1689803115 a multiple of 65?
True
Is 7 a factor of 1938431642?
True
Does 20 divide 50756799?
False
Is 7087632 a multiple of 149?
True
Is 555 a factor of 23537193?
False
Does 722 divide 43257186?
True
Is 22434731 even?
False
Does 16 divide 213943188?
False
Is 146 a factor of 4959620?
True
Is 198922445 a multiple of 7544?
False
Does 983 divide 620042978?
True
Is 21269465 a m